{"id":922,"date":"2017-04-11T10:34:33","date_gmt":"2017-04-11T10:34:33","guid":{"rendered":"http:\/\/www.funerariamonteiro.com\/?page_id=922\/"},"modified":"2017-04-12T08:56:09","modified_gmt":"2017-04-12T08:56:09","slug":"qui-sommes-nous","status":"publish","type":"page","link":"https:\/\/www.funerariamonteiro.com\/fr\/","title":{"rendered":"Qui Sommes-nous"},"content":{"rendered":"<section class=\" overflow-hidden no-margin-bottom sm-no-margin-bottom xs-no-margin-bottom no-padding sm-no-padding xs-padding-ten-top\"  style=\" background-color:#f0f0f0; \"><div class=\"wpb_column vc_column_container torcato-slider-area col-xs-mobile-fullwidth col-sm-12 full-screen\"><div class=\"vc-column-innner-wrapper\"><div class=\"torcato-slider-wrapper position-relative\"><div id=\"hcode-owl-content-slider2\" class=\"owl-carousel owl-theme torcato-slider no-cursor dot-pagination dark-pagination dark-navigation main-slider \"><div class=\"item\"><div class=\"col-lg-10 col-md-12 col-hidden-xs torcato-slider-img cover-background\" style=\"background-image:url(https:\/\/www.funerariamonteiro.com\/wp-content\/uploads\/2017\/02\/imagem_slider2.jpg);\"><img src=\"https:\/\/www.funerariamonteiro.com\/wp-content\/uploads\/2017\/02\/imagem_slider2.jpg\" style=\"opacity: 0\"><\/div><\/div><div class=\"item\"><div class=\"col-lg-10 col-md-12 col-hidden-xs torcato-slider-img cover-background\" style=\"background-image:url(https:\/\/www.funerariamonteiro.com\/wp-content\/uploads\/2017\/02\/slider_home2.jpg);\"><img src=\"https:\/\/www.funerariamonteiro.com\/wp-content\/uploads\/2017\/02\/slider_home2.jpg\" style=\"opacity: 0\"><\/div><\/div><div class=\"item\"><div class=\"col-lg-10 col-md-12 col-hidden-xs torcato-slider-img cover-background\" style=\"background-image:url(https:\/\/www.funerariamonteiro.com\/wp-content\/uploads\/2017\/01\/slider-home3.jpg);\"><img src=\"https:\/\/www.funerariamonteiro.com\/wp-content\/uploads\/2017\/01\/slider-home3.jpg\" style=\"opacity: 0\"><\/div><\/div><\/div><div class=\"col-lg-5 col-md-12 col-sm-12 col-xs-12 torcato-slider-content position-absolute\"><div class=\"position-relative\" style=\"min-height: 460px;\"><div id=\"title_overlay\" class=\"bg-purple-tm white-text slider-content-block\"><div class=\"slider-position-relative\"><div class=\"content\"><h1>Une aide inconditionnelle lors du dernier hommage<\/h1><\/div><\/div><\/div><!--#title_overlay--><div id=\"content_overlay\" class=\"bg-white purple-text-tm slider-content-block\" style=\"display: none;\"><div class=\"content_overflow_auto content\">\r\n<h3>NOTRE HISTOIRE<\/h3>\r\nFond\u00e9e en 1890 et s'assumant comme familiale, dans une succession qui en est \u00e0 sa quatri\u00e8me g\u00e9n\u00e9ration, car ce n'est que comme cela que l'on parvient \u00e0 soutenir, \u00e0 comprendre et \u00e0 aider totalement en ces heures de douleur et d'\u00e9motions fortes.\r\n\r\nEn ces moments de deuil intense, nous sommes \u00e0 votre enti\u00e8re disposition pour nous occuper de tout ce qui est n\u00e9cessaire, en nous chargeant de tous les soucis et des r\u00e9solutions des sujets bureaucratiques pour que vous puissiez vous d\u00e9dier \u00e0 apporter l'hommage digne de votre \u00eatre ch\u00e9ri.\r\n\r\nNous primons par la qualit\u00e9, par l'exclusivit\u00e9, par la personnalisation et par l'innovation des services fournis tout au long des ann\u00e9es. Nous sommes ici pour vous r\u00e9conforter, pour vous aider, pour coop\u00e9rer et pour att\u00e9nuer la souffrance due \u00e0 votre perte.<\/div><!--.content_overflow_auto --><\/div><!--#content_overlay--><div class=\"toggle-button plus\"><\/div><\/div><!--.slider-content-block--><\/div><\/div><\/div>        <script type=\"text\/javascript\">\n            jQuery(document).ready(function ($) {\n                \"use strict\";\n\n                $(\"#hcode-owl-content-slider2\").owlCarousel({\n                    transitionStyle: \"fade\",autoPlay: 6000,stopOnHover: false, addClassActive: false, navigation: false,pagination: false,singleItem: true,paginationSpeed: 400,navigationText: [\"<i class='fa fa-angle-left'><\/i>\", \"<i class='fa fa-angle-right'><\/i>\"]                 });\n\n                $(document).on('click', '.toggle-button', function() {\n                    var titleEl = $('#title_overlay'),\n                        contentEl = $('#content_overlay'),\n                        btnEl = $(this);\n                    if($('#title_overlay').css('display') == 'none') {\n                        btnEl.removeClass('minus').addClass('plus');\n                        titleEl.fadeIn('fast', function() {\n                            contentEl.fadeOut('fast');\n                        });                   \n                    } else {\n                        btnEl.removeClass('plus').addClass('minus');\n                        contentEl.fadeIn('fast', function() {\n                            titleEl.fadeOut('fast');\n                        });                     \n                    }\n                    return false;\n                });\n            });\n        <\/script>\n\n        <\/div><\/div><\/section>","protected":false},"excerpt":{"rendered":"<p>Une aide inconditionnelle lors du dernier hommage NOTRE HISTOIRE Fond\u00e9e en 1890 et s&rsquo;assumant comme familiale, dans une succession qui en est \u00e0 sa quatri\u00e8me g\u00e9n\u00e9ration, car ce n&rsquo;est que comme cela que l&rsquo;on parvient \u00e0 soutenir, \u00e0 comprendre et \u00e0 aider totalement en ces heures de douleur et d&rsquo;\u00e9motions fortes. En ces moments de [&hellip;]<\/p>\n","protected":false},"author":3,"featured_media":0,"parent":0,"menu_order":0,"comment_status":"closed","ping_status":"closed","template":"","meta":[],"_links":{"self":[{"href":"https:\/\/www.funerariamonteiro.com\/fr\/wp-json\/wp\/v2\/pages\/922"}],"collection":[{"href":"https:\/\/www.funerariamonteiro.com\/fr\/wp-json\/wp\/v2\/pages"}],"about":[{"href":"https:\/\/www.funerariamonteiro.com\/fr\/wp-json\/wp\/v2\/types\/page"}],"author":[{"embeddable":true,"href":"https:\/\/www.funerariamonteiro.com\/fr\/wp-json\/wp\/v2\/users\/3"}],"replies":[{"embeddable":true,"href":"https:\/\/www.funerariamonteiro.com\/fr\/wp-json\/wp\/v2\/comments?post=922"}],"version-history":[{"count":2,"href":"https:\/\/www.funerariamonteiro.com\/fr\/wp-json\/wp\/v2\/pages\/922\/revisions"}],"predecessor-version":[{"id":964,"href":"https:\/\/www.funerariamonteiro.com\/fr\/wp-json\/wp\/v2\/pages\/922\/revisions\/964"}],"wp:attachment":[{"href":"https:\/\/www.funerariamonteiro.com\/fr\/wp-json\/wp\/v2\/media?parent=922"}],"curies":[{"name":"wp","href":"https:\/\/api.w.org\/{rel}","templated":true}]}}

<section class=" overflow-hidden no-margin-bottom sm-no-margin-bottom xs-no-margin-bottom no-padding sm-no-padding xs-padding-ten-top"  style=" background-color:#f0f0f0; "><div class="wpb_column vc_column_container torcato-slider-area col-xs-mobile-fullwidth col-sm-12 full-screen"><div class="vc-column-innner-wrapper"><div class="torcato-slider-wrapper position-relative"><div id="hcode-owl-content-slider2" class="owl-carousel owl-theme torcato-slider no-cursor dot-pagination dark-pagination dark-navigation main-slider "><div class="item"><div class="col-lg-10 col-md-12 col-hidden-xs torcato-slider-img cover-background" style="background-image:url(https://www.funerariamonteiro.com/wp-content/uploads/2017/02/imagem_slider2.jpg);"><img src="https://www.funerariamonteiro.com/wp-content/uploads/2017/02/imagem_slider2.jpg" style="opacity: 0"></div></div><div class="item"><div class="col-lg-10 col-md-12 col-hidden-xs torcato-slider-img cover-background" style="background-image:url(https://www.funerariamonteiro.com/wp-content/uploads/2017/02/slider_home2.jpg);"><img src="https://www.funerariamonteiro.com/wp-content/uploads/2017/02/slider_home2.jpg" style="opacity: 0"></div></div><div class="item"><div class="col-lg-10 col-md-12 col-hidden-xs torcato-slider-img cover-background" style="background-image:url(https://www.funerariamonteiro.com/wp-content/uploads/2017/01/slider-home3.jpg);"><img src="https://www.funerariamonteiro.com/wp-content/uploads/2017/01/slider-home3.jpg" style="opacity: 0"></div></div></div><div class="col-lg-5 col-md-12 col-sm-12 col-xs-12 torcato-slider-content position-absolute"><div class="position-relative" style="min-height: 460px;"><div id="title_overlay" class="bg-purple-tm white-text slider-content-block"><div class="slider-position-relative"><div class="content"><h1>Une aide inconditionnelle lors du dernier hommage</h1></div></div></div><!--#title_overlay--><div id="content_overlay" class="bg-white purple-text-tm slider-content-block" style="display: none;"><div class="content_overflow_auto content">
<h3>NOTRE HISTOIRE</h3>
Fondée en 1890 et s'assumant comme familiale, dans une succession qui en est à sa quatrième génération, car ce n'est que comme cela que l'on parvient à soutenir, à comprendre et à aider totalement en ces heures de douleur et d'émotions fortes.

En ces moments de deuil intense, nous sommes à votre entière disposition pour nous occuper de tout ce qui est nécessaire, en nous chargeant de tous les soucis et des résolutions des sujets bureaucratiques pour que vous puissiez vous dédier à apporter l'hommage digne de votre être chéri.

Nous primons par la qualité, par l'exclusivité, par la personnalisation et par l'innovation des services fournis tout au long des années. Nous sommes ici pour vous réconforter, pour vous aider, pour coopérer et pour atténuer la souffrance due à votre perte.</div><!--.content_overflow_auto --></div><!--#content_overlay--><div class="toggle-button plus"></div></div><!--.slider-content-block--></div></div></div>        <script type="text/javascript">
            jQuery(document).ready(function ($) {
                "use strict";

                $("#hcode-owl-content-slider2").owlCarousel({
                    transitionStyle: "fade",autoPlay: 6000,stopOnHover: false, addClassActive: false, navigation: false,pagination: false,singleItem: true,paginationSpeed: 400,navigationText: ["<i class='fa fa-angle-left'></i>", "<i class='fa fa-angle-right'></i>"]                 });

                $(document).on('click', '.toggle-button', function() {
                    var titleEl = $('#title_overlay'),
                        contentEl = $('#content_overlay'),
                        btnEl = $(this);
                    if($('#title_overlay').css('display') == 'none') {
                        btnEl.removeClass('minus').addClass('plus');
                        titleEl.fadeIn('fast', function() {
                            contentEl.fadeOut('fast');
                        });                   
                    } else {
                        btnEl.removeClass('plus').addClass('minus');
                        contentEl.fadeIn('fast', function() {
                            titleEl.fadeOut('fast');
                        });                     
                    }
                    return false;
                });
            });
        </script>

        </div></div></section>

<p>Une aide inconditionnelle lors du dernier hommage NOTRE HISTOIRE Fondée en 1890 et s&rsquo;assumant comme familiale, dans une succession qui en est à sa quatrième génération, car ce n&rsquo;est que comme cela que l&rsquo;on parvient à soutenir, à comprendre et à aider totalement en ces heures de douleur et d&rsquo;émotions fortes. En ces moments de [&hellip;]</p>
